{"id":3698,"date":"2021-02-01T17:30:25","date_gmt":"2021-02-01T17:30:25","guid":{"rendered":"https:\/\/anelto.eu\/?post_type=product&#038;p=3698"},"modified":"2021-02-09T14:50:29","modified_gmt":"2021-02-09T14:50:29","slug":"fikseeritud-ekraaniga-projektoriekraanid","status":"publish","type":"product","link":"https:\/\/anelto.eu\/en\/toode\/fikseeritud-ekraaniga-projektoriekraanid\/","title":{"rendered":"Fikseeritud ekraaniga projektoriekraanid"},"content":{"rendered":"","protected":false},"excerpt":{"rendered":"<p><strong>P\u00f5hiomadused:<\/strong><\/p>\n<ul>\n<li>kerge alumiiniumraam<\/li>\n<li>vatupidav pehme projektsioonikangas<\/li>\n<li>must projektsioonikanga taustmaterjal<\/li>\n<\/ul>\n<p><strong>Muu info:<\/strong><\/p>\n<ul>\n<li>Hooldus: puhastatav<\/li>\n<li>Ekraani mustad \u00e4\u00e4red: 8cm<\/li>\n<li>Diagonaal suuruste valik: 82&#8243;, 100&#8243;, 108&#8243;, 120&#8243;, 135&#8243;, 150&#8243;, 162&#8243;, 182&#8243;, 200&#8243;<\/li>\n<li>Diagonnaali suhte valik: 16: 9, 4:3, 2.35:1<\/li>\n<li>Vaatenurk: 140\u00b0<\/li>\n<li>Kinnitusviis: seinakinnitus<\/li>\n<\/ul>\n<p><strong>Valikulised lisad:<\/strong><\/p>\n<ul>\n<li>matt-valge ekraanimaterjal<\/li>\n<li>akustiline kangas<\/li>\n<li>kumer raami \u00e4\u00e4ris<\/li>\n<\/ul>\n<p><img loading=\"lazy\" decoding=\"async\" class=\"size-full wp-image-4106 aligncenter\" src=\"https:\/\/anelto.eu\/wp-content\/uploads\/2021\/02\/weffy_logo-300x130-1.png\" alt=\"\" width=\"300\" height=\"130\" \/><\/p>\n","protected":false},"featured_media":3701,"comment_status":"closed","ping_status":"closed","template":"","meta":{"_acf_changed":false},"product_cat":[71],"product_tag":[],"class_list":{"0":"post-3698","1":"product","2":"type-product","3":"status-publish","4":"has-post-thumbnail","6":"product_cat-projektori-ekraanid","8":"first","9":"instock","10":"shipping-taxable","11":"product-type-simple"},"acf":[],"yoast_head":"<!-- This site is optimized with the Yoast SEO plugin v23.9 - https:\/\/yoast.com\/wordpress\/plugins\/seo\/ -->\n<title>Fikseeritud ekraaniga projektoriekraanid - Anelto - t\u00f6\u00f6ruumi efektiivsus<\/title>\n<meta name=\"robots\" content=\"index, follow, max-snippet:-1, max-image-preview:large, max-video-preview:-1\" \/>\n<link rel=\"canonical\" href=\"https:\/\/anelto.eu\/toode\/fikseeritud-ekraaniga-projektoriekraanid\/\" \/>\n<meta property=\"og:locale\" content=\"en_US\" \/>\n<meta property=\"og:type\" content=\"article\" \/>\n<meta property=\"og:title\" content=\"Fikseeritud ekraaniga projektoriekraanid - Anelto - t\u00f6\u00f6ruumi efektiivsus\" \/>\n<meta property=\"og:description\" content=\"P\u00f5hiomadused:   kerge alumiiniumraam  vatupidav pehme projektsioonikangas  must projektsioonikanga taustmaterjal  Muu info:   Hooldus: puhastatav  Ekraani mustad \u00e4\u00e4red: 8cm  Diagonaal suuruste valik: 82&quot;, 100&quot;, 108&quot;, 120&quot;, 135&quot;, 150&quot;, 162&quot;, 182&quot;, 200&quot;  Diagonnaali suhte valik: 16: 9, 4:3, 2.35:1  Vaatenurk: 140\u00b0  Kinnitusviis: seinakinnitus  Valikulised lisad:   matt-valge ekraanimaterjal  akustiline kangas  kumer raami \u00e4\u00e4ris\" \/>\n<meta property=\"og:url\" content=\"https:\/\/anelto.eu\/toode\/fikseeritud-ekraaniga-projektoriekraanid\/\" \/>\n<meta property=\"og:site_name\" content=\"Anelto - t\u00f6\u00f6ruumi efektiivsus\" \/>\n<meta property=\"article:modified_time\" content=\"2021-02-09T14:50:29+00:00\" \/>\n<meta property=\"og:image\" content=\"https:\/\/anelto.eu\/wp-content\/uploads\/2021\/02\/d1478553-cb30-4db0-848a-c8e03e2dfe8b_500_500.jpg\" \/>\n\t<meta property=\"og:image:width\" content=\"500\" \/>\n\t<meta property=\"og:image:height\" content=\"500\" \/>\n\t<meta property=\"og:image:type\" content=\"image\/jpeg\" \/>\n<meta name=\"twitter:card\" content=\"summary_large_image\" \/>\n<script type=\"application\/ld+json\" class=\"yoast-schema-graph\">{\"@context\":\"https:\/\/schema.org\",\"@graph\":[{\"@type\":\"WebPage\",\"@id\":\"https:\/\/anelto.eu\/toode\/fikseeritud-ekraaniga-projektoriekraanid\/\",\"url\":\"https:\/\/anelto.eu\/toode\/fikseeritud-ekraaniga-projektoriekraanid\/\",\"name\":\"Fikseeritud ekraaniga projektoriekraanid - Anelto - t\u00f6\u00f6ruumi efektiivsus\",\"isPartOf\":{\"@id\":\"https:\/\/anelto.eu\/#website\"},\"primaryImageOfPage\":{\"@id\":\"https:\/\/anelto.eu\/toode\/fikseeritud-ekraaniga-projektoriekraanid\/#primaryimage\"},\"image\":{\"@id\":\"https:\/\/anelto.eu\/toode\/fikseeritud-ekraaniga-projektoriekraanid\/#primaryimage\"},\"thumbnailUrl\":\"https:\/\/anelto.eu\/wp-content\/uploads\/2021\/02\/d1478553-cb30-4db0-848a-c8e03e2dfe8b_500_500.jpg\",\"datePublished\":\"2021-02-01T17:30:25+00:00\",\"dateModified\":\"2021-02-09T14:50:29+00:00\",\"breadcrumb\":{\"@id\":\"https:\/\/anelto.eu\/toode\/fikseeritud-ekraaniga-projektoriekraanid\/#breadcrumb\"},\"inLanguage\":\"en-US\",\"potentialAction\":[{\"@type\":\"ReadAction\",\"target\":[\"https:\/\/anelto.eu\/toode\/fikseeritud-ekraaniga-projektoriekraanid\/\"]}]},{\"@type\":\"ImageObject\",\"inLanguage\":\"en-US\",\"@id\":\"https:\/\/anelto.eu\/toode\/fikseeritud-ekraaniga-projektoriekraanid\/#primaryimage\",\"url\":\"https:\/\/anelto.eu\/wp-content\/uploads\/2021\/02\/d1478553-cb30-4db0-848a-c8e03e2dfe8b_500_500.jpg\",\"contentUrl\":\"https:\/\/anelto.eu\/wp-content\/uploads\/2021\/02\/d1478553-cb30-4db0-848a-c8e03e2dfe8b_500_500.jpg\",\"width\":500,\"height\":500},{\"@type\":\"BreadcrumbList\",\"@id\":\"https:\/\/anelto.eu\/toode\/fikseeritud-ekraaniga-projektoriekraanid\/#breadcrumb\",\"itemListElement\":[{\"@type\":\"ListItem\",\"position\":1,\"name\":\"Avaleht\",\"item\":\"https:\/\/anelto.eu\/\"},{\"@type\":\"ListItem\",\"position\":2,\"name\":\"Valdkonnad\",\"item\":\"https:\/\/anelto.eu\/valdkonnad\/\"},{\"@type\":\"ListItem\",\"position\":3,\"name\":\"Projektori ekraanid\",\"item\":\"https:\/\/anelto.eu\/tootekategooria\/projektori-ekraanid\/\"},{\"@type\":\"ListItem\",\"position\":4,\"name\":\"Fikseeritud ekraaniga projektoriekraanid\"}]},{\"@type\":\"WebSite\",\"@id\":\"https:\/\/anelto.eu\/#website\",\"url\":\"https:\/\/anelto.eu\/\",\"name\":\"Anelto - t\u00f6\u00f6ruumi efektiivsus\",\"description\":\"Ergonoomiline t\u00f6\u00f6keskkond ja kinnituslahendused!\",\"publisher\":{\"@id\":\"https:\/\/anelto.eu\/#organization\"},\"potentialAction\":[{\"@type\":\"SearchAction\",\"target\":{\"@type\":\"EntryPoint\",\"urlTemplate\":\"https:\/\/anelto.eu\/?s={search_term_string}\"},\"query-input\":{\"@type\":\"PropertyValueSpecification\",\"valueRequired\":true,\"valueName\":\"search_term_string\"}}],\"inLanguage\":\"en-US\"},{\"@type\":\"Organization\",\"@id\":\"https:\/\/anelto.eu\/#organization\",\"name\":\"Anelto\",\"url\":\"https:\/\/anelto.eu\/\",\"logo\":{\"@type\":\"ImageObject\",\"inLanguage\":\"en-US\",\"@id\":\"https:\/\/anelto.eu\/#\/schema\/logo\/image\/\",\"url\":\"https:\/\/anelto.eu\/wp-content\/uploads\/2020\/06\/Picture1.png\",\"contentUrl\":\"https:\/\/anelto.eu\/wp-content\/uploads\/2020\/06\/Picture1.png\",\"width\":615,\"height\":331,\"caption\":\"Anelto\"},\"image\":{\"@id\":\"https:\/\/anelto.eu\/#\/schema\/logo\/image\/\"}}]}<\/script>\n<!-- \/ Yoast SEO plugin. -->","yoast_head_json":{"title":"Fikseeritud ekraaniga projektoriekraanid - Anelto - t\u00f6\u00f6ruumi efektiivsus","robots":{"index":"index","follow":"follow","max-snippet":"max-snippet:-1","max-image-preview":"max-image-preview:large","max-video-preview":"max-video-preview:-1"},"canonical":"https:\/\/anelto.eu\/toode\/fikseeritud-ekraaniga-projektoriekraanid\/","og_locale":"en_US","og_type":"article","og_title":"Fikseeritud ekraaniga projektoriekraanid - Anelto - t\u00f6\u00f6ruumi efektiivsus","og_description":"P\u00f5hiomadused:   kerge alumiiniumraam  vatupidav pehme projektsioonikangas  must projektsioonikanga taustmaterjal  Muu info:   Hooldus: puhastatav  Ekraani mustad \u00e4\u00e4red: 8cm  Diagonaal suuruste valik: 82\", 100\", 108\", 120\", 135\", 150\", 162\", 182\", 200\"  Diagonnaali suhte valik: 16: 9, 4:3, 2.35:1  Vaatenurk: 140\u00b0  Kinnitusviis: seinakinnitus  Valikulised lisad:   matt-valge ekraanimaterjal  akustiline kangas  kumer raami \u00e4\u00e4ris","og_url":"https:\/\/anelto.eu\/toode\/fikseeritud-ekraaniga-projektoriekraanid\/","og_site_name":"Anelto - t\u00f6\u00f6ruumi efektiivsus","article_modified_time":"2021-02-09T14:50:29+00:00","og_image":[{"width":500,"height":500,"url":"https:\/\/anelto.eu\/wp-content\/uploads\/2021\/02\/d1478553-cb30-4db0-848a-c8e03e2dfe8b_500_500.jpg","type":"image\/jpeg"}],"twitter_card":"summary_large_image","schema":{"@context":"https:\/\/schema.org","@graph":[{"@type":"WebPage","@id":"https:\/\/anelto.eu\/toode\/fikseeritud-ekraaniga-projektoriekraanid\/","url":"https:\/\/anelto.eu\/toode\/fikseeritud-ekraaniga-projektoriekraanid\/","name":"Fikseeritud ekraaniga projektoriekraanid - Anelto - t\u00f6\u00f6ruumi efektiivsus","isPartOf":{"@id":"https:\/\/anelto.eu\/#website"},"primaryImageOfPage":{"@id":"https:\/\/anelto.eu\/toode\/fikseeritud-ekraaniga-projektoriekraanid\/#primaryimage"},"image":{"@id":"https:\/\/anelto.eu\/toode\/fikseeritud-ekraaniga-projektoriekraanid\/#primaryimage"},"thumbnailUrl":"https:\/\/anelto.eu\/wp-content\/uploads\/2021\/02\/d1478553-cb30-4db0-848a-c8e03e2dfe8b_500_500.jpg","datePublished":"2021-02-01T17:30:25+00:00","dateModified":"2021-02-09T14:50:29+00:00","breadcrumb":{"@id":"https:\/\/anelto.eu\/toode\/fikseeritud-ekraaniga-projektoriekraanid\/#breadcrumb"},"inLanguage":"en-US","potentialAction":[{"@type":"ReadAction","target":["https:\/\/anelto.eu\/toode\/fikseeritud-ekraaniga-projektoriekraanid\/"]}]},{"@type":"ImageObject","inLanguage":"en-US","@id":"https:\/\/anelto.eu\/toode\/fikseeritud-ekraaniga-projektoriekraanid\/#primaryimage","url":"https:\/\/anelto.eu\/wp-content\/uploads\/2021\/02\/d1478553-cb30-4db0-848a-c8e03e2dfe8b_500_500.jpg","contentUrl":"https:\/\/anelto.eu\/wp-content\/uploads\/2021\/02\/d1478553-cb30-4db0-848a-c8e03e2dfe8b_500_500.jpg","width":500,"height":500},{"@type":"BreadcrumbList","@id":"https:\/\/anelto.eu\/toode\/fikseeritud-ekraaniga-projektoriekraanid\/#breadcrumb","itemListElement":[{"@type":"ListItem","position":1,"name":"Avaleht","item":"https:\/\/anelto.eu\/"},{"@type":"ListItem","position":2,"name":"Valdkonnad","item":"https:\/\/anelto.eu\/valdkonnad\/"},{"@type":"ListItem","position":3,"name":"Projektori ekraanid","item":"https:\/\/anelto.eu\/tootekategooria\/projektori-ekraanid\/"},{"@type":"ListItem","position":4,"name":"Fikseeritud ekraaniga projektoriekraanid"}]},{"@type":"WebSite","@id":"https:\/\/anelto.eu\/#website","url":"https:\/\/anelto.eu\/","name":"Anelto - t\u00f6\u00f6ruumi efektiivsus","description":"Ergonoomiline t\u00f6\u00f6keskkond ja kinnituslahendused!","publisher":{"@id":"https:\/\/anelto.eu\/#organization"},"potentialAction":[{"@type":"SearchAction","target":{"@type":"EntryPoint","urlTemplate":"https:\/\/anelto.eu\/?s={search_term_string}"},"query-input":{"@type":"PropertyValueSpecification","valueRequired":true,"valueName":"search_term_string"}}],"inLanguage":"en-US"},{"@type":"Organization","@id":"https:\/\/anelto.eu\/#organization","name":"Anelto","url":"https:\/\/anelto.eu\/","logo":{"@type":"ImageObject","inLanguage":"en-US","@id":"https:\/\/anelto.eu\/#\/schema\/logo\/image\/","url":"https:\/\/anelto.eu\/wp-content\/uploads\/2020\/06\/Picture1.png","contentUrl":"https:\/\/anelto.eu\/wp-content\/uploads\/2020\/06\/Picture1.png","width":615,"height":331,"caption":"Anelto"},"image":{"@id":"https:\/\/anelto.eu\/#\/schema\/logo\/image\/"}}]}},"_links":{"self":[{"href":"https:\/\/anelto.eu\/en\/wp-json\/wp\/v2\/product\/3698","targetHints":{"allow":["GET"]}}],"collection":[{"href":"https:\/\/anelto.eu\/en\/wp-json\/wp\/v2\/product"}],"about":[{"href":"https:\/\/anelto.eu\/en\/wp-json\/wp\/v2\/types\/product"}],"replies":[{"embeddable":true,"href":"https:\/\/anelto.eu\/en\/wp-json\/wp\/v2\/comments?post=3698"}],"wp:featuredmedia":[{"embeddable":true,"href":"https:\/\/anelto.eu\/en\/wp-json\/wp\/v2\/media\/3701"}],"wp:attachment":[{"href":"https:\/\/anelto.eu\/en\/wp-json\/wp\/v2\/media?parent=3698"}],"wp:term":[{"taxonomy":"product_cat","embeddable":true,"href":"https:\/\/anelto.eu\/en\/wp-json\/wp\/v2\/product_cat?post=3698"},{"taxonomy":"product_tag","embeddable":true,"href":"https:\/\/anelto.eu\/en\/wp-json\/wp\/v2\/product_tag?post=3698"}],"curies":[{"name":"wp","href":"https:\/\/api.w.org\/{rel}","templated":true}]}}

<p><strong>Põhiomadused:</strong></p>
<ul>
<li>kerge alumiiniumraam</li>
<li>vatupidav pehme projektsioonikangas</li>
<li>must projektsioonikanga taustmaterjal</li>
</ul>
<p><strong>Muu info:</strong></p>
<ul>
<li>Hooldus: puhastatav</li>
<li>Ekraani mustad ääred: 8cm</li>
<li>Diagonaal suuruste valik: 82&#8243;, 100&#8243;, 108&#8243;, 120&#8243;, 135&#8243;, 150&#8243;, 162&#8243;, 182&#8243;, 200&#8243;</li>
<li>Diagonnaali suhte valik: 16: 9, 4:3, 2.35:1</li>
<li>Vaatenurk: 140°</li>
<li>Kinnitusviis: seinakinnitus</li>
</ul>
<p><strong>Valikulised lisad:</strong></p>
<ul>
<li>matt-valge ekraanimaterjal</li>
<li>akustiline kangas</li>
<li>kumer raami ääris</li>
</ul>
<p><img loading="lazy" decoding="async" class="size-full wp-image-4106 aligncenter" src="https://anelto.eu/wp-content/uploads/2021/02/weffy_logo-300x130-1.png" alt="" width="300" height="130" /></p>

<!-- This site is optimized with the Yoast SEO plugin v23.9 - https://yoast.com/wordpress/plugins/seo/ -->
<title>Fikseeritud ekraaniga projektoriekraanid - Anelto - tööruumi efektiivsus</title>
<meta name="robots" content="index, follow, max-snippet:-1, max-image-preview:large, max-video-preview:-1" />
<link rel="canonical" href="https://anelto.eu/toode/fikseeritud-ekraaniga-projektoriekraanid/" />
<meta property="og:locale" content="en_US" />
<meta property="og:type" content="article" />
<meta property="og:title" content="Fikseeritud ekraaniga projektoriekraanid - Anelto - tööruumi efektiivsus" />
<meta property="og:description" content="Põhiomadused:   kerge alumiiniumraam  vatupidav pehme projektsioonikangas  must projektsioonikanga taustmaterjal  Muu info:   Hooldus: puhastatav  Ekraani mustad ääred: 8cm  Diagonaal suuruste valik: 82&quot;, 100&quot;, 108&quot;, 120&quot;, 135&quot;, 150&quot;, 162&quot;, 182&quot;, 200&quot;  Diagonnaali suhte valik: 16: 9, 4:3, 2.35:1  Vaatenurk: 140°  Kinnitusviis: seinakinnitus  Valikulised lisad:   matt-valge ekraanimaterjal  akustiline kangas  kumer raami ääris" />
<meta property="og:url" content="https://anelto.eu/toode/fikseeritud-ekraaniga-projektoriekraanid/" />
<meta property="og:site_name" content="Anelto - tööruumi efektiivsus" />
<meta property="article:modified_time" content="2021-02-09T14:50:29+00:00" />
<meta property="og:image" content="https://anelto.eu/wp-content/uploads/2021/02/d1478553-cb30-4db0-848a-c8e03e2dfe8b_500_500.jpg" />
	<meta property="og:image:width" content="500" />
	<meta property="og:image:height" content="500" />
	<meta property="og:image:type" content="image/jpeg" />
<meta name="twitter:card" content="summary_large_image" />
<script type="application/ld+json" class="yoast-schema-graph">{"@context":"https://schema.org","@graph":[{"@type":"WebPage","@id":"https://anelto.eu/toode/fikseeritud-ekraaniga-projektoriekraanid/","url":"https://anelto.eu/toode/fikseeritud-ekraaniga-projektoriekraanid/","name":"Fikseeritud ekraaniga projektoriekraanid - Anelto - tööruumi efektiivsus","isPartOf":{"@id":"https://anelto.eu/#website"},"primaryImageOfPage":{"@id":"https://anelto.eu/toode/fikseeritud-ekraaniga-projektoriekraanid/#primaryimage"},"image":{"@id":"https://anelto.eu/toode/fikseeritud-ekraaniga-projektoriekraanid/#primaryimage"},"thumbnailUrl":"https://anelto.eu/wp-content/uploads/2021/02/d1478553-cb30-4db0-848a-c8e03e2dfe8b_500_500.jpg","datePublished":"2021-02-01T17:30:25+00:00","dateModified":"2021-02-09T14:50:29+00:00","breadcrumb":{"@id":"https://anelto.eu/toode/fikseeritud-ekraaniga-projektoriekraanid/#breadcrumb"},"inLanguage":"en-US","potentialAction":[{"@type":"ReadAction","target":["https://anelto.eu/toode/fikseeritud-ekraaniga-projektoriekraanid/"]}]},{"@type":"ImageObject","inLanguage":"en-US","@id":"https://anelto.eu/toode/fikseeritud-ekraaniga-projektoriekraanid/#primaryimage","url":"https://anelto.eu/wp-content/uploads/2021/02/d1478553-cb30-4db0-848a-c8e03e2dfe8b_500_500.jpg","contentUrl":"https://anelto.eu/wp-content/uploads/2021/02/d1478553-cb30-4db0-848a-c8e03e2dfe8b_500_500.jpg","width":500,"height":500},{"@type":"BreadcrumbList","@id":"https://anelto.eu/toode/fikseeritud-ekraaniga-projektoriekraanid/#breadcrumb","itemListElement":[{"@type":"ListItem","position":1,"name":"Avaleht","item":"https://anelto.eu/"},{"@type":"ListItem","position":2,"name":"Valdkonnad","item":"https://anelto.eu/valdkonnad/"},{"@type":"ListItem","position":3,"name":"Projektori ekraanid","item":"https://anelto.eu/tootekategooria/projektori-ekraanid/"},{"@type":"ListItem","position":4,"name":"Fikseeritud ekraaniga projektoriekraanid"}]},{"@type":"WebSite","@id":"https://anelto.eu/#website","url":"https://anelto.eu/","name":"Anelto - tööruumi efektiivsus","description":"Ergonoomiline töökeskkond ja kinnituslahendused!","publisher":{"@id":"https://anelto.eu/#organization"},"potentialAction":[{"@type":"SearchAction","target":{"@type":"EntryPoint","urlTemplate":"https://anelto.eu/?s={search_term_string}"},"query-input":{"@type":"PropertyValueSpecification","valueRequired":true,"valueName":"search_term_string"}}],"inLanguage":"en-US"},{"@type":"Organization","@id":"https://anelto.eu/#organization","name":"Anelto","url":"https://anelto.eu/","logo":{"@type":"ImageObject","inLanguage":"en-US","@id":"https://anelto.eu/#/schema/logo/image/","url":"https://anelto.eu/wp-content/uploads/2020/06/Picture1.png","contentUrl":"https://anelto.eu/wp-content/uploads/2020/06/Picture1.png","width":615,"height":331,"caption":"Anelto"},"image":{"@id":"https://anelto.eu/#/schema/logo/image/"}}]}</script>
<!-- / Yoast SEO plugin. -->

Fikseeritud ekraaniga projektoriekraanid - Anelto - tööruumi efektiivsus

Põhiomadused:   kerge alumiiniumraam  vatupidav pehme projektsioonikangas  must projektsioonikanga taustmaterjal  Muu info:   Hooldus: puhastatav  Ekraani mustad ääred: 8cm  Diagonaal suuruste valik: 82", 100", 108", 120", 135", 150", 162", 182", 200"  Diagonnaali suhte valik: 16: 9, 4:3, 2.35:1  Vaatenurk: 140°  Kinnitusviis: seinakinnitus  Valikulised lisad:   matt-valge ekraanimaterjal  akustiline kangas  kumer raami ääris

Anelto - tööruumi efektiivsus

Ergonoomiline töökeskkond ja kinnituslahendused!
